6435 = 0. List the prime factors of x.
19, 173
Suppose 12 = 4*n - 4*y, 4*y = 2*n - 4*n + 6. List the prime factors of (-475)/(-11) + 4*n/(-66).
43
Let a(z) = -19*z**3 - 5*z**2 + 37*z + 31. What are the prime factors of a(-6)?
3733
Suppose 0 = 2*q - z + 8, 3*q - 5*z - 38 = 6*q. Let v be 4/12 + (-160)/q. Let g = -18 + v. What are the prime factors of g?
3
What are the prime factors of (-1)/(-3) + -1804*4/(-24)?
7, 43
Suppose 3*s + 3 = 3*y, s + 2*s = -y + 5. What are the prime factors of s/(-3) + 2280/36?
3, 7
Let t(q) = 1. Let j(g) = 3*g**2 - 2*g - 18. Let v(k) = j(k) - 3*t(k). What are the prime factors of v(7)?
2, 7
Let u be 0 + 9 + -8 + 5. Suppose -2*k = u - 0. List the prime factors of 3 - (1 + k - 9).
2, 7
Let l = -149 + 261. What are the prime factors of l?
2, 7
Let a = 38 + -59. What are the prime factors of (-137)/(-3) - 7/a?
2, 23
Let h(v) = 3*v - 22. Let s be h(8). Suppose s*z = -z + 324. What are the prime factors of z?
2, 3
Let y = 53 - 71. What are the prime factors of 4/6 + (26400/y)/(-11)?
2, 67
Let a be (-4)/14 + (-92)/(-28). Let w be (10 - 4) + 0/a. Suppose f = -h + 4*h - 5, -2*f = -4*h + w. List the prime factors of h.
2
Let o = 624 + 1476. List the prime factors of o.
2, 3, 5, 7
Suppose -5*f + 640 = 5*m, -2*m + 252 = 2*f + 2*m. Suppose -7*z - f = -8*z. What are the prime factors of z?
2, 5, 13
Let k(a) be the first derivative of -a**3/3 - 3*a**2 - a + 14. Suppose 0 = -3*p + 2*p - 3. List the prime factors of k(p).
2
Let h(a) = -6 - 2 + 2 - 9*a. What are the prime factors of h(-12)?
2, 3, 17
Suppose -27*d - 2080 = -31*d + r, -2080 = -4*d + 3*r. What are the prime factors of d?
2, 5, 13
Suppose 57 = -22*u - 9. Suppose 7 = -5*s + 22. List the prime factors of s - 29*3/u.
2
Suppose -14*t = -11*t + 18. Let x be (104/t)/((-10)/15). What are the prime factors of -3 - x/((-4)/4)?
23
Suppose 3*q = -5*c + 160, 5*q - 3*c = -2*c + 248. Let u = q - -78. What are the prime factors of u?
2
Let s(g) = 16*g + 19. What are the prime factors of s(7)?
131
Let p = 535 - 171. List the prime factors of p.
2, 7, 13
Let r = -66 + 46. Let l be ((-32)/r)/(1/5). What are the prime factors of 2/(l/244*1)?
61
Let z(g) = -2*g + 6. Let f be z(-7). Let i = f - 18. Suppose i*k - d = 36, -2*d - d + 44 = 2*k. List the prime factors of k.
19
Let x(m) = -3*m**3 + 2*m**2 - m - 2. Let t(s) = -5 + 6*s + 5*s - 17*s + 4*s + 5*s**2 - 7*s**3. Let h(v) = -2*t(v) + 5*x(v). List the prime factors of h(-2).
2, 5
Let r(d) = 6*d**2 + 11*d - 46. List the prime factors of r(-10).
2, 3, 37
Let n = -2 + 2. Let r be 7/(n + -1 + 0). Let j = 4 - r. List the prime factors of j.
11
Let w be (176/(-40))/(2/(-170)). Suppose 0 = -2*d + 2*c + 178, 4*d + c = -c + w. List the prime factors of d.
2, 23
Suppose -2*t = 4*r, -2*r = -2*t + r + 35. Suppose v - t = -4*d, 0 = 3*d - 7 + 1. What are the prime factors of v + 1 - 1 - -13?
3, 5
Suppose 3*m - 34 = -13. Let o(l) = l**3 - 2*l**2 - 4*l + 3. List the prime factors of o(m).
2, 5, 11
Let y(v) = -2*v**3 - 35*v**2 - 19*v + 16. What are the prime factors of y(-17)?
2, 5
Let l(m) be the first derivative of -m**2/2 - 6*m + 4. Let p be l(-9). Suppose -2*h = p*h - 60. What are the prime factors of h?
2, 3
Suppose 0 = -b - 4 - 11. List the prime factors of (7/6 - (-10)/b)*194.
97
Let h be (-24)/6 + 3 + 3. What are the prime factors of 126*h/3*1?
2, 3, 7
Suppose -15 = 5*s, -h = h + 4*s + 24. Let c be 208/(-28) - h/14. Let f = 11 + c. List the prime factors of f.
2
Let t(q) be the third derivative of q**5/60 - q**4/8 + 7*q**3/2 + 6*q**2. What are the prime factors of t(-12)?
3, 67
Let a(k) = 146*k**2 + 35*k - 6. What are the prime factors of a(4)?
2, 5, 13, 19
Let p(r) be the first derivative of -11*r**5/60 - r**4/24 - 5*r**3/3 - 4. Let y(n) be the third derivative of p(n). What are the prime factors of y(-1)?
3, 7
Suppose -2*s + 10 - 4 = 0. Suppose -s*l - l = 112. Let q = 49 + l. List the prime factors of q.
3, 7
Let x(w) = w + 3. Let p(t) = 2*t**2 + 3*t - 2. Let a be p(2). Suppose 4*n = 5*z - 20, 5*n = -5*z - a + 77. List the prime factors of x(z).
11
Suppose -28*v - 25*v = -228801. What are the prime factors of v?
3, 1439
Let z(k) = -17*k + 4. Let d(a) = -5*a**2 - 1. Let m be d(-1). Let b be z(m). Suppose 3*u + u + 3*v = 89, -5*u + b = 2*v. What are the prime factors of u?
2, 5
Let j(i) be the first derivative of -i**4/4 - 3*i**3 + 6*i**2 + 27*i - 6. What are the prime factors of j(-10)?
7
Let o(w) = -82*w + 119. List the prime factors of o(-4).
3, 149
Let c be (70/15 - 4)/((-4)/(-30)). Suppose 7*b = c*b + 568. What are the prime factors of b?
2, 71
Let o(q) = -q**3 + 9*q**2 - 2*q + 6. Suppose -30 = 6*a - 11*a. List the prime factors of o(a).
2, 3, 17
Let k(v) be the third derivative of 0*v - 1/6*v**3 + 7/24*v**4 - 1/120*v**6 + 6*v**2 - 1/30*v**5 + 0. What are the prime factors of k(-5)?
3, 13
Suppose 2*k + 4 = 4*k. Suppose -3*n = k*n - 10. List the prime factors of (-5 - -4) + n - -7.
2
Let x be 575/35 - 3/7. List the prime factors of x/(-6)*(-10 - -1).
2, 3
Suppose -3*w + 4 = -w. Suppose -4*o - 14 = -k, 3*k = -w*k + 4*o + 70. List the prime factors of k.
2, 7
Let t(c) = 917*c + 23. Let z be t(-4). List the prime factors of (-1)/(-5) + (z/(-25) - 5).
3, 47
Suppose -17*p - 287532 = -115*p. What are the prime factors of p?
2, 3, 163
Suppose -3*q + 2*g = -8*q + 4743, -g = 1. List the prime factors of q.
13, 73
Let w(f) = -f**3 - 4*f**2 - 8*f - 13. Let c be w(-3). Let o = -20 + 62. Suppose 4*i - o = -5*b, -c*b + 18 = 2*i - i. What are the prime factors of b?
2, 5
Let n(x) = x - 3. Let d(j) = j - 5. Let w(l) = -4*d(l) + 7*n(l). Suppose -3*k + 17 + 4 = 0. What are the prime factors of w(k)?
2, 5
List the prime factors of 1/(12/5764) + 6/9.
13, 37
Let v be (-3)/((-12)/8 + 3). Let u(j) = -22*j + 2. Let f be u(v). Suppose 5*i = 19 + f. List the prime factors of i.
13
Let k(y) = -y**3 - 5*y**2 - 5*y - 2. Let j be k(-4). Let f be j/11 - (-403)/143. Suppose -f*h + l = h - 141, -l = -3*h + 106. List the prime factors of h.
5, 7
Let u(x) = -x**3 - 3*x**2 + 2*x + 1. What are the prime factors of u(-6)?
97
Let b(l) = -487*l**3 + 2*l + 1. What are the prime factors of b(-1)?
2, 3
Let t(s) = 5*s**2 - 8*s + 23. Let i be t(6). Suppose -4*c = c - i. List the prime factors of c.
31
Let y be (-4)/24*4*-6. List the prime factors of 83 - y*(-5)/10.
5, 17
Suppose 2*l - 4*f = 2340, 2*l = 2*f - 0*f + 2336. What are the prime factors of l?
2, 11, 53
Let h = 576 + -858. Let x = 518 + h. What are the prime factors of x?
2, 59
Let w(p) = -p**3 + 16*p**2 - 19*p - 5. Let q = -31 - -45. What are the prime factors of w(q)?
11
Suppose 0 = -t - 5*c + 2 - 0, -3*c - 18 = -t. Suppose 4*q - 5*r = 316, -4*r + t = -r. What are the prime factors of q?
2, 3, 7
Suppose -1926 = -5*o - 3*i, o - 4*i + 216 - 615 = 0. What are the prime factors of o?
3, 43
What are the prime factors of ((-85)/51)/(2/(-1272))?
2, 5, 53
Let c be (-33)/(-22)*1450/3. Suppose 5*d + 4*u = 901, c = 4*d - 8*u + 7*u. What are the prime factors of d?
181
Let d = -741 - -1442. What are the prime factors of d?
701
Let h be (6/5)/(-1 - (-22)/20). Suppose o - 4*w + 13 = 42, -3*o - 3*w = -h. List the prime factors of o.
3
Suppose 0 = 3*p - 0*p + 36. Let i = -9 - p. Suppose -3*w - 15 = 0, i*y - 4*w - 89 = -0*w. What are the prime factors of y?
23
Let o = 14 - 10. Suppose 0 = -3*z - z - 4*n - 24, 19 = -o*z + n. List the prime factors of (28/(-5))/(2/z).
2, 7
Let q be ((-44)/14 - -4)*7. What are the prime factors of (-119)/(-3) - q/9?
3, 13
Let b be ((-4)/(-6) - 1)*0. Let w = 2 + b. What are the prime factors of (-55)/(-3) + w/(-6)?
2, 3
Let w(k) = k - 5. Let b(c) = -6*c + 26. Let v(r) = 3*b(r) + 16*w(r). Let j be v(-5). Suppose 9*p - j*p - 6 = 0. List the prime factors of p.
2, 3
Let m = -158 - -173. List the prime factors of m.
3, 5
Let a(x) = -x**3 + 10*x**2 - 17*x + 2. Let q be a(4). Let o be (11 - 1)/(12/174). Suppose 5*c = -q + o. List the prime factors of c.
23
Let m(z) = -z**3 + 14*z**2 - 7*z - 73. List the prime factors of m(-10).
3, 17, 47
Let k = 8564 - 5072. List the prime factors of k.
2, 3, 97
Suppose 7936 = 41*c - 13425. What are the prime factors of c?
521
Let y be (8/(-14))/(1/(-7)). Suppose -14*z + 9*z = 5*c - 625, -y*c - 661 = -5*z. What are the prime factors of z?
3, 43
Suppose -2*a - 2 = -4*k, -4*a + 7*a = -4*